Give k(-1).
8
Let y be 2*((-98)/(-4) + 2). Let f = -37 + y. Suppose 5*r + 2 = -4*b, -3*b = -8*r + 3*r - f. Let k(g) = 2*g**3 - 2*g**2 - 1. What is k(r)?
-25
Let b(q) be the third derivative of 0 - 5*q**2 + 1/24*q**4 + 14*q - 4/3*q**3. Give b(10).
2
Let y(r) = 73 + 103*r - 121 - 94*r. What is y(6)?
6
Let p(l) be the second derivative of 1/20*l**5 + 1/2*l**2 - 1/2*l**4 - 7/6*l**3 + 3 + 2*l. What is p(7)?
1
Suppose 0 = 3*k + 2*u + 8, -k + 7*u = 9*u. Let q(o) = -14*o - 7. Give q(k).
49
Let h(s) = -s**3 - 5*s**2 + 5*s - 1. Let l(x) = -349*x + 1954. Let w be l(6). Let y(f) = -26*f - 4. Let r be y(5). Let o = w - r. What is h(o)?
5
Let h(r) = 18*r**3 - r**2 + 2*r. Let l(v) = 109*v**3 + 2*v**2 + 25*v - 16. Let d(a) = -6*h(a) + l(a). Determine d(-4).
-4
Let u(t) be the first derivative of -t**5/60 + 5*t**4/12 + 4*t**3/3 - 44*t**2 - t - 92. Let g(y) be the second derivative of u(y). Calculate g(7).
29
Let a be ((-12)/(-4) - (6 + -1)) + -40. Let m be a*(-1)/21*-7. Let z(d) = -d**3 - 15*d**2 - 15*d + 4. What is z(m)?
18
Let o(p) = p**2 - p. Suppose -9 + 349 = -5*q. Let x = 76 + q. Let j be (0 + -4)*x/16. Calculate o(j).
6
Let k = 842 + -743. Suppose -42 = -k*i + 85*i. Let f(m) = 5 + m + 2*m - 4*m. Give f(i).
2
Suppose 0 = -7*v - 92 + 141. Let y(w) = -4*w + 32. Give y(v).
4
Suppose -22*r - 198 = -836. Let c(k) = -8*k + 239. Calculate c(r).
7
Let u(w) = 7*w - 30. Suppose -5*h + 2*l = -70 + 40, -2*h + 12 = -5*l. Determine u(h).
12
Suppose -4*g = t - 0 - 2, 0 = 2*t - 4. Let z = -1 + g. Let c(n) = -36*n + 1. Let s(a) = 2*a**3 - 109*a + 2. Let x(v) = -3*c(v) + s(v). Give x(z).
-2
Let a(r) = r**2 - 11*r + 7. Let g = -164 + 170. Let s be (14 - 9) + 3*8/g. Calculate a(s).
-11
Let s(k) = -2*k**2 - 3*k + 4. Let b = 4364 + -4370. Calculate s(b).
-50
Suppose 0 = -5*k - 2*z + 19, -5*k - 6*z + 21 = -3*z. Suppose 5*c + 4 + 0 = 2*g, -k*g - 16 = -2*c. Let i(l) = -5 + 10*l + 13 + 2 + l**2. Determine i(g).
-6
Let z(y) = 32*y - 28*y - y**2 - 14 + 12. Let u(o) = o**2 + 12*o - 59. Let h be u(-16). Calculate z(h).
-7
Let j(k) = 2*k**3 + 6*k**2 - 5*k. Suppose 17*w - 3707 = -3775. Determine j(w).
-12
Let h(d) = d**2 + 2*d + 1. Let w be 20/10*10 - 15. Determine h(w).
36
Let w(f) = f - 2. Let g = 124 - 124. Suppose -k + 0*k + 3 = g, -4*b - 5*k + 35 = 0. Give w(b).
3
Let j = -447 - -461. Suppose -12*x - j*x + 3*x = 0. Let v(a) = a**2 + 1. Calculate v(x).
1
Let s(a) = -2*a**2 - 55*a + 442. Let b be s(-34). Let d(f) be the third derivative of b - 1/4*f**4 + 0*f - 1/120*f**6 - f**3 - 1/12*f**5 - 17*f**2. Give d(-4).
2
Let r(k) be the second derivative of -k**7/2520 + k**6/120 - k**5/60 - k**4/6 + 5*k**2/2 - 207*k. Let d(s) be the third derivative of r(s). What is d(5)?
3
Suppose -3*m - 3*n = n + 5, -20 = -5*m - n. Let r(u) = 3555 + u**3 - 5*u**2 - 7108 + 3552. Calculate r(m).
-1
Suppose 4*l = -229 + 233. Let b(u) = u**2 + u - 1. Let k(s) = s**3 + 2*s**2 - 5*s. Let i(c) = l*k(c) + 3*b(c). What is i(-5)?
7
Let j(q) = -44*q**3 + 5*q**2 + 9*q - 1. Let x(c) = -58*c**3 + 6*c**2 + 10*c. Let h(n) = -4*j(n) + 3*x(n). Give h(-3).
-50
Let n(j) = -9*j + 39*j**2 - 36*j**2 + 12 - 25. Let t be n(4). Let b(a) = 14*a - 1. What is b(t)?
-15
Let d(w) = 4*w + 17. Let x(c) = 34*c + 32. Let a(z) = 5*d(z) - x(z). Give a(5).
-17
Let g = -680 + 677. Let f be (52/(-78))/((-1)/g + 0). Let l(w) = 2 + 4*w + w**3 + 0*w**3 - 2*w. Determine l(f).
-10
Suppose 90*t - 342 = -522. Let f(z) = 5*z**3 + 3*z**2 - 2*z - 4. Determine f(t).
-28
Let t = 135 + -168. Let j be 17/((-187)/t)*10/(-6). Let q(w) = -2*w. Determine q(j).
10
Let d(s) = -s**3 - 11462 + 11462 - 228*s**2 + s + 225*s**2. Let z(p) = p**3 + 2*p**2 + p - 1. Let m = -4 - -2. Let r be z(m). Determine d(r).
-3
Let i(p) = -p**2 + 36*p - 315. Let n be i(19). Let a(s) = 2*s**3 - 17*s**2 + 7*s + 11. Calculate a(n).
3
Let j(n) = 5 - 6*n - 3*n - 2*n. Let r(q) = 14*q - 5. Let y(l) = 6*j(l) + 5*r(l). Give y(-5).
-15
Let m = 2204 + -2194. Let h(o) = -6*o + 21. Calculate h(m).
-39
Let v(r) = 8*r + 7. Let l(t) = -10*t - 11. Let n(x) = -2*l(x) - 3*v(x). Let i be (-2)/(-10) - 6/5. Let j(k) = -k. Let h(d) = i*j(d) - n(d). Calculate h(1).
4
Let c(l) = -l**2 - 5*l + 1. Let d = 48 + -30. Suppose o - 14 = -d. Determine c(o).
5
Let p = 32304 + -32308. Let d(j) = -1 - 5 + 3*j + 2. Give d(p).
-16
Let v(d) = d**2 - 24*d + 13. Let w(k) = 3*k**2 - 69*k + 39. Let i = 895 - 878. Let x(h) = i*v(h) - 6*w(h). What is x(4)?
-5
Let h(d) = d + 1. Let s be 6/2 - (4 + 3/(-3)). Let p(q) = 1 + s - 4 + 1 + 2*q. Let c(g) = -2*h(g) + 2*p(g). What is c(4)?
2
Let j(y) = y + 9. Suppose -6*b = -0*b + 30. Let t be -4 - (b/(-5) + 4). Calculate j(t).
0
Suppose 2*k - 1 - 17 = 0. Let b = 15 - k. Let a(s) be the second derivative of -s**5/20 + s**4/3 + 5*s**3/3 - 4*s**2 + 2*s. What is a(b)?
-20
Let w(u) be the first derivative of -u**3/3 + 9*u**2/2 - 15*u + 2006. Give w(6).
3
Let r(m) = -3*m**2 + 4*m**2 + 0 + 13 - 6 + 12475*m - 12466*m. Let i = 5 - 14. What is r(i)?
7
Let n be ((-60)/24)/(1/(-4)). Let f = -6 + n. Let v(x) = -2*x - 606 + 601 - x + f*x. Determine v(-6).
-11
Let f be (-7875)/(-10) - 9/18. Suppose 2*r + 785 = f. Let y(b) = 18*b**2 - 1. Determine y(r).
17
Let j = -24211 - -24211. Let m(q) be the second derivative of -42*q - 5/6*q**3 + 3/2*q**2 - 1/20*q**5 + 5/12*q**4 + j. Determine m(3).
6
Let t(y) = y**3 - 12*y**2 - 29*y + 16. Let j = -2322 + 2336. Calculate t(j).
2
Let j(g) = 2*g**3 - 46*g**2 + 46*g - 31. Let v be j(22). Suppose -y - v = a, 16 - 37 = 2*a + y. Let p(c) = c**3 + 7*c**2 - 11*c - 10. Calculate p(a).
14
Let s(q) be the second derivative of q**4/12 - 5*q**3/6 - 15*q**2/2 + 1377*q. What is s(8)?
9
Let u = 9 + -7. Let o(r) = -4 - 1 - 26*r + 22 + 2*r**u. Let b be o(12). Let h(a) = a + 6. Determine h(b).
-1
Let w(k) be the third derivative of -k**6/120 + k**5/10 + k**4/3 - 7*k**3/6 + 5*k**2. Suppose 0 = 255*b - 254*b - 7. What is w(b)?
0
Suppose 49*x - 1045 = -5*j + 54*x, -x + 631 = 3*j. Let m = -215 + j. Let i(n) = -n**3 - 4*n**2 + 3*n. Determine i(m).
10
Suppose n + 5*d = 12*d + 3, -60 = 4*n - 4*d. Let j(s) = 3*s**2 + 50*s + 1. Give j(n).
73
Let k(c) be the third derivative of -c**4/12 - c**3 + 65*c**2 + 2*c - 12. Suppose -2*h - 9 = -5*h. Suppose h*f - 2*l = -3*l - 14, 4*l + 14 = -5*f. Give k(f).
6
Let o(n) = -n**3 - 2*n**2 + 5*n + 2. Let k(v) = -v - 1. Let p(q) = -k(q) + o(q). Let j = 23 - 21. Let g = -2 - j. Give p(g).
11
Let g(s) = -s**3 - 6*s**2 + 5*s - 9. Suppose -5*x = 10, -3*m = 2*x - 47 + 72. Give g(m).
5
Let i(b) = 4*b. Suppose -8 = 3*s - 2. Let n be s/8*10*(-12)/(-15). Calculate i(n).
-8
Let d be ((-16)/20 - (-228)/(-15)) + 10. Let v(f) = 2*f**2 - 11*f - 131. What is v(d)?
7
Let y(z) be the third derivative of -z**5/60 + z**4/8 - z**3/6 + z**2. Let t be (38 + 108)*((-6)/4 - 0). Let u = t - -222. Give y(u).
-1
Let q be 12/(-15) + ((-36)/(-20) - 3). Let o be 2*q/2 + (-98 - -97). Let x(y) = -2*y**2 + 3*y + 7. Calculate x(o).
-20
Let p(t) = 8*t**3 + t - 1. Let h(z) = -17*z**3 - 13*z**2 - 23*z - 5. Let d(s) = -h(s) - 2*p(s). Give d(-11).
18
Let m be 20/(-70) - (-18)/14. Let q(h) be the second derivative of 1/2*h**2 + 13/6*h**3 + h + 0. Calculate q(m).
14
Let a(j) be the second derivative of -23*j**3/3 - 9*j**2/2 + 3136*j. Calculate a(-2).
83
Let w(m) = -3*m - 3. Let l(z) = 21*z + 21. Let i(d) = -4*l(d) - 27*w(d). Suppose -121 - 12 = 19*u. What is i(u)?
18
Let l = 20 - -13. Let t(n) = 2 + 29*n**2 - l*n**2 - 1. Let j be 12/20 + (-6)/(-15). Determine t(j).
-3
Let h(p) = -2*p**2 - 18*p + 24. Let g be h(-10). Suppose z + 4*z = 10. Let o(d) = -2*d - z*d - g - 8 - d**3 + 5*d + 10*d**2. Give o(10).
-2
Let p(s) = 11*s**2 + 24 - 6*s**2 - 14 + 6*s - 4*s - 11. Suppose -4*v + k = -1, 3 = -v + 3*k - 5. Determine p(v).
6
Let t(j) = 2*j**2 + 16*j + 28. Let x be t(-10). Let g be ((0 - -6) + -4)*34. Let f = x - g. Let a(k) = k**3 - k + 19. Calculate a(f).
19
Let w be 7 - 2 - (6 + -4). Let p(x) = 4*x - 4. Let k(j) be the first derivative of -4*j**2 + 7*j - 9. Let u(y) = 4*k(y) + 7*p(y). Give u(w).
-12
Let b(k) = 2*k - 2*k + 9*k. Let m(z) = z**2 - 11*z + 28. Let j be m(6). Let g be (j/4)/(-3 - (-44)/16). What is b(g)?
18
Let q(k) = 7*k**3 + 28*k**2 - 147*k + 74. Let c(x) = 15*x**3 + 57*x**2 - 319*x + 149. Let d(h) = -6*c(h) + 13*q(h). Give d(-22).
2
Let l(q) = -469*q + 1584. Let w(d) = 309*d - 1053. L